g be h(9). What are the prime factors of g*((2 - -1) + -18)?
3, 5
Let m(v) be the second derivative of v**4/12 + 37*v**2 + 5*v. What are the prime factors of m(0)?
2, 37
Suppose 0 = 7*x - 4*x - 15. Suppose 0 = x*v + l - 453, -81 = -v - 8*l + 3*l. List the prime factors of v.
7, 13
Let w = 3 - 3. Suppose w = z - 5*v + 5 + 12, 2*v + 7 = 5*z. What are the prime factors of 2 + 6 - 9/z?
5
List the prime factors of 6/(-4 - (-1 - (-153)/(-50))).
2, 5
Suppose 4*i = 6*i + 20. Let b = i + 12. Suppose -h + 4*r = 12 - b, 4*h - 20 = 4*r. What are the prime factors of h?
2, 5
List the prime factors of (19 + 113)*((-52)/8)/(-1).
2, 3, 11, 13
Let r = -28 - -32. Suppose 0 = -5*y - r - 11. List the prime factors of (y/(-3))/((-5)/(-305)).
61
Suppose 3*y - 3*h + 114 = 0, -3*h + 33 = -y + 3. Let k = -28 - y. List the prime factors of k.
2, 7
Suppose 6*d + 3*d - 1170 = 0. Suppose -2*p + d = 3*h, -2*h + 4*p = 2*h - 200. What are the prime factors of h?
2, 23
Suppose 0 = -5*o + 4*u + 14639, -15*o + 14635 = -10*o - 5*u. List the prime factors of o.
3, 977
Let o(f) = 11*f**2 + 16*f + 88. What are the prime factors of o(-11)?
11, 113
Let y = 287 + 2427. What are the prime factors of y?
2, 23, 59
Let h(j) = -j**3 + 16*j**2 - 5*j + 40. What are the prime factors of h(13)?
2, 241
What are the prime factors of (38/(-57))/((-2)/(-18)) - -3883?
3877
Let t(g) = 17*g + 202. What are the prime factors of t(13)?
3, 47
Suppose 0 = 12*x - 2248 - 1184. List the prime factors of x.
2, 11, 13
Let z be ((-35)/(-10))/(2/(-12)). What are the prime factors of 3/z - 297/(-21)?
2, 7
Suppose 5*s - 18 = 4*i, -2*s = 4*i + 3 + 1. Suppose -3*z = -3*q - 156, -2*z + 3*q - 4*q + 98 = 0. Let b = z + s. List the prime factors of b.
2, 13
Let i(d) = -d**3 - 5*d**2 + 9*d + 20. Let g be i(-6). Suppose 456 = y + g*y. What are the prime factors of y?
2, 19
Suppose 0*m - 3*m = 279. Let x = m - -215. List the prime factors of x*(4 - (-28)/(-8)).
61
Suppose -5*c - 4*u + 2*u = -2684, 2*c + 3*u - 1078 = 0. What are the prime factors of c?
2, 67
Suppose -29*u + 33*u = 16. Suppose -5*x + 664 = -x + 2*j, u*x - 2*j - 648 = 0. What are the prime factors of x?
2, 41
Let p(g) = 2950*g**2 + 22*g - 24. List the prime factors of p(1).
2, 11, 67
Let n(z) be the third derivative of z**5/30 + 3*z**4/8 - 4*z**3/3 + 10*z**2. Let s be n(-8). Suppose s - 13 = u. List the prime factors of u.
5, 7
Let r be 9 + -1 - (-24)/(-6). Suppose 0 = r*f - 11 - 37. What are the prime factors of f?
2, 3
Let c(p) = 20*p**2 - p. Let q(v) = 4*v + 1. Let g(h) = 9*h + 2. Let t(s) = -2*g(s) + 5*q(s). Let y be t(-1). List the prime factors of c(y).
3, 7
Let a(o) = -22*o**2 + 25*o**2 - 2*o - 7 + 6*o. List the prime factors of a(4).
3, 19
Suppose -8 + 3 = 4*z + 3*n, -4*z - 4*n - 4 = 0. Let k be z/(-8) + 14/8. Suppose 3*u = -k*u + 235. List the prime factors of u.
47
Let j be (-472)/10 - 11/(-55). Let c = -27 - j. List the prime factors of (c/(-6))/(34/(-561)).
5, 11
Suppose 0 = -18*v + 12*v + 168. What are the prime factors of v?
2, 7
List the prime factors of 1618/4 + -3 + (-28)/(-8).
3, 5
Let o = -6 + 8. What are the prime factors of -2*o*376/(-32)?
47
Suppose -11*a = -18*a + 1155. What are the prime factors of a?
3, 5, 11
Suppose 3*s + 381 = 3*q, -2*q + 6*q = 5*s + 503. Let u = q + -68. What are the prime factors of u?
2
Let n(t) = -8*t**3 - 9*t**2 - 3*t + 17. What are the prime factors of n(-5)?
3, 269
Suppose 3*c + 29 = 2*g, -4*g + 31 + 35 = 2*c. Let p = -3 + 0. List the prime factors of g/p*(-21)/4.
2, 7
Suppose -4*n = -8*n + 44. Let r = 12 - n. List the prime factors of (3/r*2)/1.
2, 3
Suppose 7*p + 13 = u + 2*p, 2*u + 5*p = -4. Suppose -5*b + 5 = u*j - 41, 3*b = -3. What are the prime factors of j?
17
Let z(c) = -2*c**2 + 2*c - 3. Let a be z(2). What are the prime factors of (-100)/(-6) + (a - (-110)/15)?
17
Let q = 1 - -2. Suppose 2*b + 5 = g, 27 = 2*g + q*b - 4. List the prime factors of (-46)/(-3) - g/33.
3, 5
Let c be (-5 - -7) + 2 + -2. Suppose 5*i + 43 = c*z, -5*z + 2*i + 30 = 5*i. Let o(n) = n**2 - 10*n + 17. List the prime factors of o(z).
2
Let b be ((-2)/4)/((-2)/(-8)). Let q(l) = 5*l - 4. Let h be q(b). Let p = h - -19. What are the prime factors of p?
5
List the prime factors of (-7)/1*(-48)/112 + 109.
2, 7
Suppose 2*s + 1575 = 9*s. Suppose -10*x = -5*x - s. List the prime factors of x.
3, 5
What are the prime factors of 918 + 7/(21/(-9))?
3, 5, 61
Let x be 33/(-44) + 6/8. Suppose 2*a = -r + 3*a + 60, -4*a = x. List the prime factors of r.
2, 3, 5
Suppose -2*r - 16 = 2*r. What are the prime factors of -4 + (-14)/(4/r)?
2, 5
Let s be ((-78)/(-117))/(2/72*2). Let o(j) = -2*j + 3*j + 0*j - 5. What are the prime factors of o(s)?
7
Suppose 2736 = 11*y - 2*y. What are the prime factors of y?
2, 19
Let y = 32 + -35. What are the prime factors of (9 + y)/((-1 - -2) + 1)?
3
Let s(n) = -n**2 + 2*n + 2. Let j be s(2). Suppose -494 = -3*x - j*b, -b + 417 = 2*x + 88. What are the prime factors of x?
2, 41
Let a be -104 - -10 - (-1 + 3) - -1. Let x = a - -177. List the prime factors of x.
2, 41
Let t = 295 + -153. Suppose -5*h + 38 + t = 0. List the prime factors of h.
2, 3
Let p = -2 - -4. Let m be 3 - (-77 + (p - 4)). Let x = m - 53. What are the prime factors of x?
29
What are the prime factors of (-534543)/(-244) - 1/(-4)?
7, 313
Let j = 18 - 13. Suppose -h + 0*w + 94 = j*w, -4*w + 296 = 4*h. What are the prime factors of h?
3, 23
Let r(u) = -2*u**3 - 11*u**2 - 32*u + 11. List the prime factors of r(-8).
587
Let n = -981 - -2122. List the prime factors of n.
7, 163
Suppose 1 = -4*m + 17. Suppose -2*t = -t + m. What are the prime factors of t/(-6)*(-99)/(-6)?
11
Let z be 0 - -1 - (-2 + 4 - 0). List the prime factors of z + (-3)/(-6) - 218/(-4).
2, 3
Suppose -889 = -4*r + 2339. What are the prime factors of r?
3, 269
Let k(x) = -x**3 + 3*x**2 + 3*x - 2. Let f be (1 - -1) + 0 + -5. Let p be k(f). Let t = p - 16. List the prime factors of t.
3
Let y(g) = g**2 - 6*g + 558. List the prime factors of y(0).
2, 3, 31
Let o = 3 - -5. Suppose -3*u = -o*u + i + 21, -i = -u + 5. What are the prime factors of (u/(-2))/(4/(-16))?
2
Suppose -3*x = 4*f - 3183, -5*f + 2*x - 291 = -4287. Suppose 0 = 3*w - 159 - f. What are the prime factors of w?
11, 29
Let v(c) = -3*c**3 - 5*c**2 - 11*c - 9. List the prime factors of v(-5).
2, 37
Suppose 0 = 4*z - 2*m - 14, 3*m - 5*m = 3*z. Suppose t - 30 = 2*s, 0 = 3*t + 2*t - z*s - 182. List the prime factors of t.
2, 19
Let t(d) = d**3 - 16*d**2 - 15*d - 22. Let k be t(17). Suppose 0*c + c + 4*z = 28, -k = -2*c + 3*z. List the prime factors of c.
2, 3
Let v(l) be the first derivative of -2*l**2 + 52*l - 9. List the prime factors of v(0).
2, 13
Suppose 0 = 3*u + 3*z - 144, 2*u + 3*z - 104 = 5*z. Suppose h - 5*k = 20, -h = -0*h + k - u. Let o = h + -39. List the prime factors of o.
2, 3
Let v = 71 + 3. Let q = -15 + v. List the prime factors of q.
59
Suppose 0 = z - 0*b - 2*b - 6, 0 = -5*z - b + 30. Suppose -l - z*n + n = -18, 82 = 3*l + n. What are the prime factors of l?
2, 7
Let k(n) = -35*n. Suppose 0 = 3*o - 5*o. Let s be (o + (-4)/8)*2. What are the prime factors of k(s)?
5, 7
Let o(y) = 2*y**2 - 6*y - 4. Let p be o(5). Let s(x) = -x**3 + 6*x**2 + 6*x + 1. Let m be s(7). What are the prime factors of (p*1)/((-3)/m)?
2
Suppose a + 3*h = -0*a + 751, -5*a - 4*h + 3733 = 0. What are the prime factors of a?
5, 149
Let t be 10/(-30) + (-14)/(-6). Suppose -259 = t*h - 9*h. Suppose 0 = -3*z + 3*n + 129, -2*z - 5*n + h = -77. What are the prime factors of z?
47
Let h = 616 - 96. List the prime factors of h.
2, 5, 13
Let r be 1 - (-1*4*1 - -3). Suppose 0*g = r*g - 194. What are the prime factors of g?
97
Suppose -15 + 23 = 2*r. Suppose -9*z - 340 = -11*z - t, -r*z + 3*t + 700 = 0. List the prime factors of z.
2, 43
Suppose -3*l + 7*l - 2549 = -5*p, 2*l - 1282 = -4*p. Let d = -445 + l. List the prime factors of d.
2, 3, 31
Let n(q) = -6*q - 19. Let x be n(-11). Suppose -x = 7*p - 152. List the prime factors of p.
3, 5
Suppose 0 = -11*q + 3*q + 32. Suppose -3*p = 5*a - 149, 3*a + 53 = p + q*a. What are the prime factors of p?
2, 29
Suppose 0 = -53*g + 64*g - 5049. What are the prime factors of g?
3, 17
What are the prime factors of ((-49880)/12)/(-5) - 4/3?
2, 5, 83
Let b = -28 + -9. Let g = 42 + b. List the prime factors o